s g prime?
False
Suppose 163023 = 5*i - g, -g - 4*g = 2*i - 65220. Is i a composite number?
True
Suppose -3*n - 8*n = -23683. Is n a prime number?
True
Suppose 5*r - 1 = -6. Let m(x) = 9*x + 1. Let c be m(r). Is -1 + c/(-4) - -178 a prime number?
True
Is 4 + 104364 - (-21 - -20) composite?
False
Let w(o) = -2*o**3 - 4*o**2 + 4*o + 1. Let a be w(-4). Let s(v) = 43 + 73 + 76 + v**2 - a. Is s(0) prime?
False
Is (-6)/(-180)*3 - 67369/(-10) composite?
False
Suppose 3*g - 67 = 3*u - 25, -g + 62 = -5*u. Let k(f) = -f**3 - 9*f**2 + 5 + 8 + 0 + 15*f + 0*f**3. Is k(u) a composite number?
True
Let g(b) = 3*b**2 - 3*b - 29. Let l = 43 + -29. Is g(l) composite?
True
Let a(s) be the third derivative of s**5/20 - s**4/8 - 7*s**3/6 - 4*s**2. Let h be ((-2)/(-1))/(-1) + -4. Is a(h) a prime number?
False
Suppose 3*n = -0*n. Let x(k) = -3*k**2 - 29*k - 13. Let j be x(-9). Suppose -2 = -v - 0*v - 3*w, n = -4*v - j*w + 36. Is v a composite number?
True
Suppose -3*y + 1638 = -79077. Is y composite?
True
Let y be (-10 - -1)*-5*(-21)/35. Is (-996)/(-2) - (y - -23) composite?
True
Let k = -10 - -13. Is 281/6 + k/18 a prime number?
True
Suppose h + 3*s + 25 = 6*s, -3*s = -15. Let p = -8 - h. Suppose -5*c = 4*o - o - 48, -4*c = -p*o + 54. Is o composite?
True
Is 8940 + (-7 + 3 - -3) a prime number?
False
Let x(d) = d - 12. Let r be x(10). Let f be r + 6 + -3 - 37. Is 1/((-2)/f) + 3 composite?
True
Let m = -17 - -23. Is (1754/m)/((-1)/(-3)) composite?
False
Let c(t) = t**2 - 11*t + 33. Let r be c(6). Suppose 0 = -4*u + 3*k + 2495, -r*u + 1268 = -4*k - 598. Is u a prime number?
False
Let v(f) = 11*f**2 + 8*f + 10. Let t be v(-5). Let u = 402 - t. Is u prime?
True
Suppose 11 = -q - 4*l, 5*q - l - l - 33 = 0. Suppose q*a - 5*d - 740 = 0, -5*a = 2*d - 6*d - 735. Is a a composite number?
True
Suppose -18*o = -19*o + 1777. Suppose -o = -2*v + z, -2*v - v + 3*z + 2670 = 0. Is v a composite number?
False
Let u(p) = -229*p - 2. Let g be u(-1). Suppose 5*k = -100 + 660. Let j = g - k. Is j a composite number?
True
Let i = 15 + -9. Suppose -z + 3*w + 10 = -4, i = z - w. Suppose -z*o - 1159 = -5*h, -76 + 297 = h - 4*o. Is h a prime number?
True
Is ((-2)/(-6))/(3/4194) a prime number?
False
Let l(v) = 962*v**2 + 53*v - 349. Is l(6) a composite number?
True
Suppose -q + 780 = x, 4*x + x = 4*q - 3084. Let c = q + 215. Is c a composite number?
False
Let t = 53 + -38. Let a = t - 3. Suppose -4*y - a = 4, -4*y - 254 = -2*g. Is g a prime number?
False
Let v(r) = r**3 - r**2 + r + 3. Let b be v(0). Suppose 4*z = 9 + b. Suppose 2*n = -z*j + 39 + 250, 428 = 3*n - j. Is n a prime number?
False
Let x(d) = -578*d - 349. Is x(-10) a prime number?
True
Let i be 45/(-6)*6360/(-18). Suppose 647 = 3*v - i. Is v prime?
False
Suppose r - 21666 = -2*g, 31194 + 12126 = 4*g - r. Is g a composite number?
False
Suppose -l = -5*j + 4*l + 35, 2*l = -3*j + 26. Suppose -j*m - 555 = -11*m. Is m composite?
True
Suppose q = 2*q + 8. Let n(t) = -60*t - 165 + 331 + 11*t - 164. Is n(q) composite?
True
Suppose 2*f = l - 12, 9 + 8 = l - 3*f. Suppose -2 = -3*s + 2*w, -l = 3*w - w. Suppose s = -4*m - 3*c + 259, c - 125 = -2*m - 2*c. Is m composite?
False
Is (-715730)/(-152) - (-5)/20 a prime number?
False
Let z(t) = t**2 + t + 143. Suppose 2*f + 3*w = -4 + 1, 5*f + 1 = -w. Is z(f) a composite number?
True
Let u(y) = 2*y - 4 + 4*y**2 - 6*y - 3*y**2. Let h be u(-5). Suppose 4 = -v + h. Is v prime?
True
Let r(l) be the second derivative of -1/20*l**5 + 0 + l + 1/2*l**4 + 1/2*l**2 + 1/2*l**3. Is r(6) a prime number?
True
Let c(a) = 7*a**2 + 5*a - 4 - 1 - 141*a**3 - 113*a**3. Let j(y) = -127*y**3 + 4*y**2 + 3*y - 3. Let w(r) = -4*c(r) + 7*j(r). Is w(1) prime?
True
Let i(b) = -117*b**2 - 107*b**2 + 6 - b**3 + 224*b**2 + 8*b. Suppose -p = -0*p + 7. Is i(p) a composite number?
False
Let a(r) = -14*r**3 - r**2 - 6*r - 5. Let c = -12 + 9. Is a(c) prime?
False
Let k(r) = -r**3 + 9*r**2 + 13*r - 11. Let y(t) = t**3 - 10*t**2 - 14*t + 10. Let s(l) = -3*k(l) - 4*y(l). Is s(14) composite?
True
Let d = -9123 + 16192. Is d a prime number?
True
Let u be 50/(-75)*(-81)/6. Let t be 8/12*39/2. Let f = t + u. Is f composite?
True
Suppose -3*p = -n - 17, -3 + 15 = -n + 2*p. Is (-4)/(-8)*762 + n a prime number?
True
Let m = -804 - -1262. Is m a prime number?
False
Suppose 0 = -134*y + 140*y - 176394. Is y composite?
False
Suppose 36*q + 4086 = 39*q + s, 0 = 3*q - 2*s - 4077. Is q composite?
False
Suppose 2*i - 21 = 13. Suppose -i - 483 = -4*b. Suppose 5*y - 600 = b. Is y composite?
True
Let o be (-5 + 8)/((-6)/(-4)). Suppose o*p - 2318 = 2*w, -2*p = -3*w + 360 - 2674. Is p a composite number?
False
Let g be 2 - 2 - 42*1. Let h = -27 - g. Let m = h - 2. Is m composite?
False
Let r = -36 - -46. Let u be 35 + 0 - (11 - r). Let a = u + -13. Is a prime?
False
Let j = -26 - -30. Is 3918/j + 15/(-30) prime?
False
Suppose 0*k = -2*n + 4*k - 16, -5*n = -4*k + 10. Is 271 - ((n - 6) + 1) prime?
False
Suppose 0 = s - 20. Suppose 3*a - 3*z = -2*a + s, 5*z = 0. Suppose 0 = a*m + 8, 4*m - 589 = -2*j - j. Is j a prime number?
True
Suppose 3*j + 3 = 0, -2*j + 14304 = 4*a - 4818. Is a prime?
False
Suppose -x + 5*i + 9 = x, 3*x + 4*i = 2. Suppose -x*t - 5*o - 25 = 0, 5 = -3*t - 2*o - 5. Let v(u) = u**3 + u + 1115. Is v(t) composite?
True
Suppose 3*q - 64 = -16. Suppose 6*z - q = 2*z. Suppose u - 5*u = -z*t - 696, 0 = 4*u - t - 708. Is u a prime number?
False
Is 13863/2*140/42 prime?
False
Let v = 4577 + -756. Is v composite?
False
Let k(j) = 101*j + 12*j**3 - 3 - 96*j + 3*j**2 - 7*j**2. Is k(4) composite?
True
Let o(v) = -2*v**2 - 25*v + 15. Let j(s) = s**2 + 8*s - 22. Let a be j(-9). Is o(a) a prime number?
True
Let g(m) = 8324*m**2 - 4*m + 1. Is g(1) a composite number?
True
Let c(j) = j**3 - j + 8. Let f be c(0). Let l(h) = f*h + 6*h - 7*h - 4. Is l(6) composite?
True
Suppose 7*m - 98 = 5*m. Suppose -w + 2*s + m = 0, -2*w + 23 = 3*s - 89. Is w a prime number?
True
Suppose -14*r + 10*r + 12024 = 0. Let q = -1645 + r. Is q a prime number?
True
Suppose m - 5 = 6*m - 5*s, -2 = 5*m - 2*s. Suppose -l + 2*l - 487 = m. Is l a composite number?
False
Let g(t) = t**2 + t - 18. Let q be g(0). Is 4/(-22) + q/22 - -203 a prime number?
False
Let t = 52 + -43. Suppose t*j - 711 = 6*j. Is j a prime number?
False
Is (-9)/(81/2) + 407571/27 prime?
False
Suppose 36*l - 10504 = 34*l. Suppose 5*x - l - 2533 = 2*g, 5*x + 4*g = 7815. Is x prime?
True
Suppose 0 = -y - 3*y. Suppose y = -2*o - 2*o + 12. Suppose 0 = -o*n - 50 + 305. Is n composite?
True
Suppose -8*y + 11*y = 0, 16604 = 4*s + 3*y. Is s a prime number?
False
Suppose 0 = a - 0*a + 367. Let x = -19 - a. Suppose 4*l = 4*d - x, 5*d - l = -3*l + 421. Is d composite?
True
Suppose 27476 = -31*l + 114865. Is l prime?
True
Let s = 20372 + -12471. Is s composite?
False
Suppose 2*u + 255 = -3*u. Let d = u - -194. Is d prime?
False
Suppose 0 = 4*q - 3*l + 59, 2 = 4*l - 2. Let y = q + 17. Is y a composite number?
False
Suppose -3*o - 5*x = -531, 315 + 39 = 2*o - 4*x. Is o a composite number?
True
Let o = -20948 - -36153. Is o a composite number?
True
Let g(x) = 4*x**2 - 4*x + 5. Let l(c) = -c**2. Let z(m) = m**3 - 2*m**2 - 5*m + 4. Let q(r) = 2*l(r) + z(r). Let w be q(5). Is g(w) a composite number?
False
Suppose -s + 6101 = 4*y, s = -2*y + 1229 + 4882. Is s composite?
False
Let v(x) = -x - 7. Let l be v(4). Let b be 26/12 + l/66. Suppose -3*f - 2*f + 1297 = -b*p, 3*p - 1033 = -4*f. Is f a prime number?
False
Suppose 4*x - 2*x - 4 = 0. Suppose -n = -2*z - 3013, -3 - 1 = -x*z. Is n a composite number?
True
Let u = 24 - 17. Suppose -u*r = -4*r - 1515. Is r prime?
False
Let j = 9016 + -5414. Is j prime?
False
Suppose 144 = 8*r - 2*r. Is 3/(r/(-226))*1*-28 composite?
True
Let w(i) = 26*i**3 + 10*i**2 + 35*i - 58. Is w(9) composite?
False
Suppose 6*c + 2*u - 28 = 3*c, -15 = -c + 5*u. Suppose 0 = -3*r + 2*x + 3, 3*r + c*x - 5*x = 3. Is 5*r/(10/12) a prime number?
False
Let h = 3006 - 1757. Is h composite?
False
Suppose 190725 + 57173 = 14*t. Is t a prime number?
True
Suppose -2*u + 12 = 2*d, 0*u = -4*u + 4. Let l(r) = 46*r**2 + 7 - 3 - r + d*r - 3. Is l(3) composite?
True
Suppose -100*p + 111*p = 374462. Is p a composite number?
True
Let q be (-6 + -38)/(1*-2). Let r be 268/22 + (-4)/q. Let o = 26 - r. Is o a prime number?
False
Is (-9